(28).
288
Let i(h) = 1179*h + 4200. What is i(-5)?
-1695
Let w(g) = -2*g**2 - 13*g + 1607. Calculate w(-32).
-25
Let m(b) = 17*b**3 + 23*b**2 + 111*b - 65. Give m(-5).
-2170
Let j(z) = 21*z**2 + 173*z - 107. Calculate j(-7).
-289
Let m(p) = -1473*p - 525849. Determine m(-357).
12
Let i(c) = 28145*c - 4249888. Give i(151).
7
Let r(n) = -6*n**3 + 270*n**2 - 48*n + 2235. Calculate r(45).
75
Let b(r) = -461321*r + 461328. Give b(1).
7
Let x(s) = s**2 + 2002*s + 90053. Give x(-46).
77
Let q(o) = 56*o**2 - 755*o + 18. What is q(13)?
-333
Let f(w) = 6*w**2 + 522*w + 148. What is f(-82)?
-2312
Let q(d) = -d**2 + 442*d + 19279. What is q(-40)?
-1
Let d(f) = 204*f - 40469. What is d(197)?
-281
Let l(s) = -92*s - 15965. Calculate l(-179).
503
Let y(t) = 2770*t - 313024. Give y(113).
-14
Let l(m) = 32*m**3 + 376*m**2 - 470*m + 654. Give l(-13).
4
Let f(t) = -38577*t - 308631. What is f(-8)?
-15
Let p(x) = 14*x**2 + 45*x + 690. What is p(-9)?
1419
Let k(h) = h**3 - 28*h**2 + 312*h - 14082. Calculate k(32).
-2
Let n(s) = 244190*s + 12453713. What is n(-51)?
23
Let y(b) = -7*b**2 + 17*b. Calculate y(3).
-12
Let h(f) = -f**3 + 226*f**2 - 809. Calculate h(226).
-809
Let d(x) = 317*x + 9185. Give d(-28).
309
Let b(d) = -d**2 + 58207*d - 3372652. Give b(58).
-10
Let m(y) = -330*y**2 - 122762*y - 775. What is m(-372)?
-31
Let a(m) = 1311*m - 36774. Give a(28).
-66
Let f(o) = -79676*o + 1195165. Calculate f(15).
25
Let u(t) = -279*t**2 + 11999*t - 115. Give u(43).
-29
Let u(k) = -k**3 - 34*k**2 - 203*k + 31. Determine u(-18).
-1499
Let z(m) = 61*m**2 + 27*m - 130. Determine z(-11).
6954
Let w(u) = 925*u - 2774. Determine w(3).
1
Let p(f) = 37*f + 287. Give p(-4).
139
Let k(y) = -2*y**3 - 397*y**2 + 600*y + 49. Determine k(-200).
49
Let m(p) = 179702*p + 2336143. What is m(-13)?
17
Let z(j) = j**3 + 7*j**2 + 9*j - 36. Calculate z(0).
-36
Let y(p) = -102*p**2 + 1377*p + 4. Give y(14).
-710
Let t(l) = 1952*l**2 + 25317*l - 769. Give t(-13).
-2
Let w(m) = -m**3 + 445*m**2 + 1314*m + 13457. Determine w(448).
17
Let v(t) = 55*t**2 - 859*t + 111. Determine v(15).
-399
Let w(r) = -46736*r + 8132045. Calculate w(174).
-19
Let i(n) = n**3 - 25*n**2 + 32837*n - 754187. Give i(23).
6
Let t(p) = -131*p + 3041. Give t(46).
-2985
Let d(f) = -11*f**2 + 5855*f - 75777. Determine d(519).
-3
Let g(s) = -3*s**3 - 2*s**2 - 45*s - 139. Determine g(-8).
1629
Let q(r) = 67*r**2 + 2799*r - 111. What is q(-43)?
3415
Let j(x) = -24*x**2 - 3200*x - 990. What is j(-133)?
74
Let q(z) = -633*z + 10416. Calculate q(16).
288
Let o(b) = -25*b - 1621. Determine o(12).
-1921
Let z(m) = -m**3 - 125*m**2 - 3339*m - 281169. Determine z(-117).
-18
Let o(p) = 2*p**3 + 2147*p**2 - 8611*p + 2. Calculate o(4).
38
Let i(d) = -d**3 - 14*d**2 - 3136*d - 40761. Give i(-13).
-162
Let y(z) = -60*z - 10832. Calculate y(-158).
-1352
Let x(m) = -32*m**2 - 1244*m + 1239. Give x(-38).
2303
Let p(t) = t**3 + 21*t**2 - 1713*t - 34663. Calculate p(-20).
-3
Let o(t) = 15*t**3 - 3*t**2 + 6*t + 7. Calculate o(3).
403
Let q(t) = 6067*t - 412740. What is q(68)?
-184
Let z(s) = 7*s**3 - 712*s**2 - 222*s + 1846. What is z(102)?
10
Let r(y) = 9457*y - 454109. Give r(48).
-173
Let j(i) = -i**3 + 39*i**2 + 212*i - 7380. Give j(39).
888
Let z(t) = 3*t**2 + 351*t - 11858. Calculate z(27).
-194
Let g(o) = 55*o**2 - 36689*o + 2672. Calculate g(667).
4
Let q(a) = -57*a**3 - 3108*a**2 + 1478*a - 383. Give q(-55).
2
Let s(o) = 2*o**3 + 18*o**2 - 711*o + 6416. Give s(9).
2933
Let f(i) = i**3 + 121*i**2 + 124*i + 469. Determine f(-120).
-11
Let z(c) = 27*c**2 + 10209*c + 774. Determine z(-378).
-360
Let k(n) = 3754*n + 55045. Determine k(-15).
-1265
Let v(s) = -457*s**2 - 7353*s - 564. Give v(-16).
92
Let r(b) = b**3 - 28*b**2 - 83*b + 132. Determine r(-4).
-48
Let o(a) = -102*a - 22952. Calculate o(-223).
-206
Let m(t) = -405*t + 44040. Give m(109).
-105
Let h(r) = 26056*r - 1042242. Determine h(40).
-2
Let z(x) = -42*x**2 + 819*x + 816. Calculate z(-1).
-45
Let z(t) = 83*t + 4471. Give z(-53).
72
Let r(z) = 463*z**3 - 9265*z**2 + 83*z + 334. What is r(20)?
-6
Let c(m) = m**3 + 18*m**2 + 329*m + 2769. What is c(-11)?
-3
Let z(j) = 3403*j - 10316. What is z(3)?
-107
Let r(q) = -5482*q - 21875. Determine r(-4).
53
Let k(m) = m**3 - 7*m**2 + 25*m - 13. Give k(11).
746
Let y(f) = -17*f**2 - 807*f - 4817. Calculate y(-7).
-1
Let q(l) = 2*l**2 + 1671*l - 11817. Determine q(7).
-22
Let c(t) = -t**3 + 40*t**2 + 584*t - 11983. Give c(47).
2
Let k(f) = -90*f**2 + 14912*f + 19685. What is k(167)?
-21
Let o(n) = 3919*n + 4789051. What is o(-1222)?
33
Let q(d) = 330660*d + 3306578. Give q(-10).
-22
Let c(z) = 2657*z + 8936. Determine c(-4).
-1692
Let d(r) = 10451*r + 156497. Give d(-15).
-268
Let c(i) = -282*i**2 - 5527*i + 5525. What is c(1)?
-284
Let l(a) = -24*a**2 + 107*a - 518. Determine l(5).
-583
Let p(o) = 22312*o - 4216980. Calculate p(189).
-12
Let g(r) = 472*r - 210496. What is g(446)?
16
Let m(s) = 1037796*s + 8302383. Calculate m(-8).
15
Let f(o) = 7*o**2 + 260*o + 207. Determine f(-36).
-81
Let r(m) = -30*m**3 + 62*m**2 - 215*m + 418. Give r(2).
-4
Let c(l) = 2930*l + 14534. Determine c(-5).
-116
Let m(u) = 4*u**2 - 692*u + 9545. What is m(158)?
65
Let s(l) = -l**3 - 113*l**2 - 727*l - 314. Determine s(-106).
-1904
Let i(v) = -643*v + 141. Calculate i(0).
141
Let c(f) = -11*f**3 + 7*f**2 - 19*f + 51. What is c(-8)?
6283
Let h(f) = -3*f**2 + 1088*f + 76610. Determine h(423).
47
Let r(q) = 4*q**2 - 1264*q + 80290. Determine r(88).
34
Let f(h) = h**2 - 837*h - 307180. Determine f(-276).
8
Let i(b) = 7*b**3 - b**2 + 1176*b. What is i(0)?
0
Let w(n) = n**3 - 92*n**2 - 256*n - 1242. Determine w(95).
1513
Let d(c) = c**3 - 39*c**2 + 328*c - 15. Determine d(12).
33
Let w(h) = -76*h**3 - 380*h**2 + 40*h + 204. What is w(-5)?
4
Let h(c) = 32*c**3 - 17*c**2 + 6*c - 88. Determine h(4).
1712
Let o(f) = 3353*f + 405821. Calculate o(-121).
108
Let c(x) = -6062*x + 6456034. What is c(1065)?
4
Let h(p) = -7*p**3 + 48*p**2 - 16336*p + 114395. Calculate h(7).
-6
Let j(m) = -m**3 + 27*m**2 - 143*m + 168. What is j(5)?
3
Let x(a) = a**3 + a**2 - 292*a - 914. Calculate x(18).
-14
Let b(z) = -z**3 - 18*z**2 + 332*z - 46. What is b(-28)?
-1502
Let y(k) = -3660*k - 150093. Give y(-41).
-33
Let n(r) = 28*r**2 + 367*r + 652. Calculate n(-10).
-218
Let t(o) = 3*o**3 + 427*o**2 + 146*o - 44. Determine t(-142).
-612
Let q(x) = -x**2 - 8357*x + 394991. Calculate q(47).
3
Let x(d) = -22*d**3 - 10*d**2 + 306*d + 637. Calculate x(-2).
161
Let v(l) = 2*l**2 + 410*l + 10020. Determine v(-181).
1332
Let b(v) = -546*v - 15638. Calculate b(-29).
196
Let a(n) = 739813*n - 27373076. Determine a(37).
5
Let u(o) = -2*o**2 - 82*o + 540. Calculate u(-40).
620
Let m(h) = h**2 - 2268*h - 406683. Give m(-167).
-38
Let b(z) = -z**3 + 78*z**2 + 588*z + 713. Determine b(85).
118
Let l(n) = 4*n**2 + 1157*n - 4432. What is l(-293)?
-37
Let j(k) = -2*k**2 - 946*k + 100051. What is j(-562)?
15
Let u(m) = -8*m**3 - 2232*m**2 - 126398*m + 406. What is u(-200)?
6
Let j(c) = -c**3 + 188*c**2 + 972*c - 1351. Calculate j(193).
0
Let a(b) = b**3 + 63*b**2 + 48*b - 819. Give a(-62).
49
Let f(z) = -4*z**3 + 36*z**2 + 867*z + 829. Calculate f(-1).
2
Let w(t) = 168*t**2 - 1373*t - 1240. What is w(9)?
11
Let r(l) = -9438*l + 1528958. Calculate r(162).
2
Let i(o) = -o**2 + 725*o - 50165. Determine i(78).
301
Let h(f) = 80*f**3 + 2*f**2 + f + 3. Give h(1).
86
Let w(i) = -1605*i + 7814. Calculate w(5).
-211
Let d(m) = -m**3 + 73*m**2 - 127*m - 515. Calculate d(71).
550
Let i(l) = l**3 + 722*l**2 + 54701*l - 210. What is i(-86)?
-640
Let b(x) = 2965*x - 438875. Calculate b(148).
-55
Let s(c) = -5*c**2 + 1355*c + 8318. Give s(-6).
8
Let w(r) = 11*r**3 - 137*r**2 - 60*r - 86. Calculate w(13).
148
Let d(k) = 22983*k + 114917. What is d(-5)?
2
Let t(a) = 7*a**2 - 547*a - 4681. Give t(87).
713
Let y(a) = -695*a - 14592. What is y(-21)?
3
Let u(h) = 17*h**2 - 3043*h - 132. Determine u(179).
-132
Let b(h) = -1129*h + 13217. What is b(12)?
-331
Let j(p) = -38*p**2 - 2176*p + 31. What is j(-57)?
601
Let z(n) = n**2 - 3130*n + 1252416. Give z(471).
27
Let z(w) = -926128*w + 28709973. Determine z(31).
5
Let a(t) = -15*t**2 + 1535*t - 28212. Calculate a(24).
-12
Let t(s) = 317*s - 98251. Give t(311).
336
Let p(l) 